{"id":1010,"date":"2022-11-12T15:20:16","date_gmt":"2022-11-12T15:20:16","guid":{"rendered":"https:\/\/by-babo.com\/?page_id=1010"},"modified":"2024-06-29T16:21:11","modified_gmt":"2024-06-29T16:21:11","slug":"1010-2","status":"publish","type":"page","link":"https:\/\/by-babo.com\/?page_id=1010","title":{"rendered":"Lego, Cosplay, 3D und mehr!"},"content":{"rendered":"\n<p class=\"has-text-align-justify\">Wolltest du schon immer dein eigenes Lego-Set haben? Oder hast du schon immer davon getr\u00e4umt, deine Lieblingsfigur nachzumachen, aber du hattest nicht die Geduld, es zu schaffen? Oder brauchst du einfach nur ein wenig Unterst\u00fctzung?<br>Wir helfen dir gerne!<br><\/p>\n\n\n\n<p>Wir k\u00f6nnen dir ein individuelles Lego, ein Kost\u00fcm oder was auch immer du willst, entwerfen.<br>Sie k\u00f6nnen auf unserer Website ganz einfach Referenzen finden. Du brauchst dich nur mit uns in Verbindung zu setzen, und wir finden gemeinsam heraus, wie wir es umsetzen k\u00f6nnen!<\/p>\n\n\n\n<p>Ob 3D-Druck, digitales Design, N\u00e4hen, Holzbearbeitung, wir sind f\u00fcr Sie da!<\/p>\n\n\n\n<div class=\"wp-block-buttons is-content-justification-center is-layout-flex wp-container-core-buttons-is-layout-a89b3969 wp-block-buttons-is-layout-flex\">\n<div class=\"wp-block-button\"><a class=\"wp-block-button__link wp-element-button\">Ich bin interessiert<\/a><\/div>\n<\/div>\n\n\n\n<div style=\"height:100px\" aria-hidden=\"true\" class=\"wp-block-spacer\"><\/div>\n\n\n\n<div class=\"wp-block-media-text is-stacked-on-mobile\"><figure class=\"wp-block-media-text__media\"><img loading=\"lazy\" decoding=\"async\" width=\"1024\" height=\"542\" src=\"https:\/\/by-babo.com\/wp-content\/uploads\/2024\/06\/ankermake-1024x542.png\" alt=\"\" class=\"wp-image-1101 size-full\" srcset=\"https:\/\/by-babo.com\/wp-content\/uploads\/2024\/06\/ankermake-1024x542.png 1024w, https:\/\/by-babo.com\/wp-content\/uploads\/2024\/06\/ankermake-300x159.png 300w, https:\/\/by-babo.com\/wp-content\/uploads\/2024\/06\/ankermake-768x407.png 768w, https:\/\/by-babo.com\/wp-content\/uploads\/2024\/06\/ankermake-1536x813.png 1536w, https:\/\/by-babo.com\/wp-content\/uploads\/2024\/06\/ankermake-600x318.png 600w, https:\/\/by-babo.com\/wp-content\/uploads\/2024\/06\/ankermake-113x60.png 113w, https:\/\/by-babo.com\/wp-content\/uploads\/2024\/06\/ankermake-170x90.png 170w, https:\/\/by-babo.com\/wp-content\/uploads\/2024\/06\/ankermake.png 1917w\" sizes=\"auto, (max-width: 1024px) 100vw, 1024px\" \/><\/figure><div class=\"wp-block-media-text__content\">\n<p class=\"has-text-align-justify\">Mit dem Ankermake M5-Drucker und unserem breiten Spektrum an 3D-Designsoftware k\u00f6nnen wir Ihnen helfen, das gew\u00fcnschte Produkt zu designen. Oder wenn Sie die Dateien bereits haben und einfach nur drucken m\u00f6chten, sind wir f\u00fcr Sie auch da.<\/p>\n<\/div><\/div>\n\n\n\n<div class=\"wp-block-media-text has-media-on-the-right is-stacked-on-mobile\"><div class=\"wp-block-media-text__content\">\n<p class=\"has-text-align-justify\">Mit der Lego STUD.IO Software helfen wir Ihnen, alles zu bauen, was das Herz begehrt. Ein Mini-Modell des eigenen Autos? Ein Modell von einem Haus? Ein Geschenk f\u00fcr Ihre Liebste oder Ihren Liebsten? Wir k\u00f6nnen Ihnen helfen, eine Bauanleitung zu erstellen. Wir versammeln die Bl\u00f6cke und helfen Ihnen sogar, das Modell physisch zu bauen.<\/p>\n<\/div><figure class=\"wp-block-media-text__media\"><img loading=\"lazy\" decoding=\"async\" width=\"1024\" height=\"535\" src=\"https:\/\/by-babo.com\/wp-content\/uploads\/2024\/06\/stud.io_-1024x535.png\" alt=\"\" class=\"wp-image-1103 size-full\" srcset=\"https:\/\/by-babo.com\/wp-content\/uploads\/2024\/06\/stud.io_-1024x535.png 1024w, https:\/\/by-babo.com\/wp-content\/uploads\/2024\/06\/stud.io_-300x157.png 300w, https:\/\/by-babo.com\/wp-content\/uploads\/2024\/06\/stud.io_-768x401.png 768w, https:\/\/by-babo.com\/wp-content\/uploads\/2024\/06\/stud.io_-1536x803.png 1536w, https:\/\/by-babo.com\/wp-content\/uploads\/2024\/06\/stud.io_-600x314.png 600w, https:\/\/by-babo.com\/wp-content\/uploads\/2024\/06\/stud.io_-115x60.png 115w, https:\/\/by-babo.com\/wp-content\/uploads\/2024\/06\/stud.io_-172x90.png 172w, https:\/\/by-babo.com\/wp-content\/uploads\/2024\/06\/stud.io_.png 1917w\" sizes=\"auto, (max-width: 1024px) 100vw, 1024px\" \/><\/figure><\/div>\n","protected":false},"excerpt":{"rendered":"<p>Wolltest du schon immer dein eigenes Lego-Set haben? Oder hast du schon immer davon getr\u00e4umt, deine Lieblingsfigur nachzumachen, aber du hattest nicht die Geduld, es zu schaffen? Oder brauchst du einfach nur ein wenig Unterst\u00fctzung?Wir helfen dir gerne! Wir k\u00f6nnen dir ein individuelles Lego, ein Kost\u00fcm oder was auch immer [&hellip;]<\/p>\n","protected":false},"author":1,"featured_media":1097,"parent":0,"menu_order":0,"comment_status":"closed","ping_status":"closed","template":"","meta":{"advanced_seo_description":"","jetpack_seo_html_title":"","jetpack_seo_noindex":false,"footnotes":""},"class_list":["post-1010","page","type-page","status-publish","has-post-thumbnail","hentry"],"jetpack_sharing_enabled":true,"_links":{"self":[{"href":"https:\/\/by-babo.com\/index.php?rest_route=\/wp\/v2\/pages\/1010","targetHints":{"allow":["GET"]}}],"collection":[{"href":"https:\/\/by-babo.com\/index.php?rest_route=\/wp\/v2\/pages"}],"about":[{"href":"https:\/\/by-babo.com\/index.php?rest_route=\/wp\/v2\/types\/page"}],"author":[{"embeddable":true,"href":"https:\/\/by-babo.com\/index.php?rest_route=\/wp\/v2\/users\/1"}],"replies":[{"embeddable":true,"href":"https:\/\/by-babo.com\/index.php?rest_route=%2Fwp%2Fv2%2Fcomments&post=1010"}],"version-history":[{"count":21,"href":"https:\/\/by-babo.com\/index.php?rest_route=\/wp\/v2\/pages\/1010\/revisions"}],"predecessor-version":[{"id":1138,"href":"https:\/\/by-babo.com\/index.php?rest_route=\/wp\/v2\/pages\/1010\/revisions\/1138"}],"wp:featuredmedia":[{"embeddable":true,"href":"https:\/\/by-babo.com\/index.php?rest_route=\/wp\/v2\/media\/1097"}],"wp:attachment":[{"href":"https:\/\/by-babo.com\/index.php?rest_route=%2Fwp%2Fv2%2Fmedia&parent=1010"}],"curies":[{"name":"wp","href":"https:\/\/api.w.org\/{rel}","templated":true}]}}